. Let l(g) = g**2 + 6*g + 5. Let n be l(-6). Suppose -3*p = 3*k - 351, -4*k = -n*k - 3*p + 123. What is the greatest common divisor of k and q?
19
Let l be (-2 + 1 - -3) + 66. Let w(i) = 7*i**2 - 2. Let t be w(2). Let q be (17*-1)/(-27 + t). Calculate the greatest common factor of l and q.
17
Suppose 46 = 2*b - 34. Calculate the greatest common divisor of b and 88.
8
Suppose -5*b - 53 = 47. Let v = b + 47. Let c be 2/8 - (-45)/12 - -5. What is the greatest common factor of v and c?
9
Suppose 93*r - 864 = 69*r. Let d = -17 - -27. Let s be 904/d + (-2)/5. Calculate the highest common factor of s and r.
18
Let n(h) = 3*h + 27. Let x be n(-10). Let k be (-7)/(-2)*(-18)/x. Calculate the highest common divisor of k and 7.
7
Suppose t + t - 56 = 0. Suppose d - 21 = -3*n + 3*d, -4*n = d - t. Let y(p) = 2*p**2 + 9*p. Let g be y(-7). Calculate the greatest common factor of n and g.
7
Let v = 369 - 101. Suppose 5*o - 2*d = v, -2*o - 3*d + 6 = -86. What is the greatest common factor of 26 and o?
26
Suppose 118 + 62 = -2*j. Let h = j - -92. Calculate the highest common divisor of 6 and h.
2
Suppose 2*z = 1 - 3. Let b = z + 29. Calculate the highest common factor of 7 and b.
7
Suppose -q = -276*o + 272*o + 181, 0 = 4*o - 2*q - 186. Calculate the greatest common divisor of 36 and o.
4
Let q be -2*(31 + 0)*100/(-25). Suppose 2*w - 2 - 70 = 2*s, 2*w - 5*s = 87. Calculate the greatest common divisor of q and w.
31
Let k be (-3)/(-24)*2*92. Suppose 2*c = -5*v + k, -4*v + 2*c + 0*c + 4 = 0. Let b(r) = -5*r - 2. Let l be b(-7). What is the greatest common divisor of l and v?
3
Suppose 0 = 5*f - 3*k - 1415, 5*f + 4*k - 875 = 505. Suppose 2*d = -2*d + f. Suppose -168 = -11*z - 14. What is the greatest common factor of d and z?
14
Let x be 8 - ((-182)/(-35) + 2/(-10)). What is the highest common factor of x and 141?
3
Let w be 3 + -1 - 3/(-6)*14. Let v be ((-44)/3 - -4)*w/(-2). Calculate the greatest common factor of v and 12.
12
Suppose 43*d - 439 - 1969 = 0. What is the highest common divisor of 42 and d?
14
Let i(q) = q**2 - 13*q - 6. Let y(f) = -2*f**2 + 14*f + 6. Let d(j) = -3*i(j) - 2*y(j). Let p be d(-11). Calculate the greatest common factor of 4 and p.
2
Let w(p) = 9*p - 10. Suppose -2*m = 4*b - 6*m + 4, b - 29 = -5*m. Let y be w(b). What is the highest common factor of y and 13?
13
Let x = -382 - -394. Calculate the highest common factor of x and 3.
3
Suppose 26 = -3*s + 80. Suppose s*x = 19*x - 7. Calculate the highest common divisor of x and 35.
7
Let c(d) = d**2 + 4*d + 7. Let k be c(5). Let r be ((-26)/4)/(2/(-4)). Calculate the greatest common divisor of r and k.
13
Let f(q) = -13*q - 265. Let o be f(-21). Calculate the highest common divisor of 424 and o.
8
Let v = 0 - -5. Suppose 3*q = -j + 192, v*q - 3*j - 303 = j. What is the greatest common divisor of q and 7?
7
Let t be 10/70 - (-58)/7*-4. Let u = t + 41. What is the greatest common factor of 16 and u?
8
Let d be (-200)/(-10) - (1 - 2). Calculate the highest common divisor of d and 14.
7
Let j = -131 - -174. Suppose j*y - 36*y = 168. What is the highest common divisor of 18 and y?
6
Let a be (-33)/(-5) + 2/5. Suppose -12*f + 65 = -a*f. What is the highest common divisor of f and 104?
13
Suppose -228 = -4*z - 2*s + 1026, -2*s = -4*z + 1266. What is the highest common factor of 35 and z?
35
Let a(u) = -u**2 - 36*u - 24. Let t be a(-34). Calculate the greatest common divisor of t and 33.
11
Let a be (-717)/(-6) - 2/(-4). What is the highest common divisor of a and 80?
40
Let q = -330 - -715. What is the greatest common divisor of 11 and q?
11
Suppose 6*c = 3*c + 153. Let i = 89 - c. Let l = -20 + i. Calculate the greatest common divisor of 27 and l.
9
Let q = 32 + -17. Suppose 0 = -4*s + 73 + q. Calculate the highest common factor of 33 and s.
11
Let t(z) = -4*z**3 - z - 2. Let b be t(-1). Suppose -4 = b*u - 16. Let c = 36 + -26. What is the highest common divisor of c and u?
2
Let k be 2*(-1)/1 - -16. Let q = -48 + 420. Suppose 18*z - q = k*z. What is the greatest common divisor of z and 62?
31
Let r = 35 + -31. Suppose -3*w + 36 = 3*v, -5*w = r*v - 18 - 37. Calculate the highest common factor of w and 56.
7
Let g be (-13189)/(-22) - (-2)/(-4)*3. What is the greatest common factor of g and 92?
46
Let u = 106 + -100. Suppose -60 = -u*x - 0. What is the greatest common factor of x and 2?
2
Suppose -233 = 15*n - 833. Let l = 23 + -3. What is the highest common factor of l and n?
20
Suppose -15*y - 40 = -5*m - 20*y, -14 = -2*m - 3*y. What is the greatest common factor of m and 940?
10
Let l be 13/(121/(-33) + 4). What is the highest common divisor of 1131 and l?
39
Suppose 3*n + 2 = z, -z - n + 7 + 7 = 0. Let x = 152 + -42. Calculate the greatest common factor of z and x.
11
Suppose -442*j + 443*j = 20. Calculate the highest common factor of j and 100.
20
Suppose -23 = z + r, -4*z = -r + 93 - 26. Let s(o) = 2*o + 44. Let h be s(z). Calculate the greatest common divisor of h and 64.
8
Let s = -24 + 34. Suppose 0 = 3*q - 2*y, 19*q - 14*q - 5*y = -10. What is the highest common factor of q and s?
2
Suppose -n = -19 + 4. Let i be (84/n)/(1/20). Suppose 0 = o + o - i. Calculate the greatest common divisor of 7 and o.
7
Let z = 106 + -102. Let f(j) = j**3 - 6*j**2 + 7*j + 8. Let s be f(z). Let c be (4/6)/((-4)/(-6)). What is the greatest common divisor of c and s?
1
Let k(t) = 2*t - 1 + 0 + 0*t - 3. Let v be k(3). Calculate the highest common divisor of v and 16.
2
Let i(v) be the third derivative of v**6/120 - v**5/6 + 5*v**4/6 - 4*v**3/3 - 8*v**2. Let q be i(8). Calculate the highest common factor of 36 and q.
12
Let w(y) = 7*y + 56. Let d be w(19). Calculate the greatest common divisor of d and 54.
27
Suppose -5*l + 4 = 49. Let h be l/6*4*(0 - 3). What is the greatest common divisor of h and 126?
18
Let t = -55 - -73. Let i be (1*11 - 0) + 6/(-3). Calculate the greatest common divisor of t and i.
9
Let f be (38 + 1)*2 + -1. Let a(o) = o**2 + 7*o + 4. Let v be a(-7). Let l be v + (1 + 2 - -4). What is the highest common factor of f and l?
11
Let z(q) = 8*q + 8. Suppose -6*a + 5 = -13. Let y be z(a). What is the greatest common divisor of 32 and y?
32
Let h be (210/(-4))/(9/(-60)). Calculate the highest common factor of 14 and h.
14
Let w = 84 - -652. What is the greatest common divisor of 46 and w?
46
Let n be 4*((-2)/(-4) - 1). Let w be n*(-1)/2 - -59. What is the highest common factor of w and 6?
6
Let y(r) = -r**3 - 10*r**2 - 5*r - 30. Let h be y(-10). Let i be -2*45*2/(-4). Let a = i - h. What is the greatest common divisor of a and 25?
25
Let k be (2*153/24)/(6/16). What is the highest common factor of k and 374?
34
Let d = -136 - -216. Suppose -5*x - 7*a = -2*a - d, -2*x + 3*a + 7 = 0. Calculate the greatest common factor of x and 77.
11
Let p = -1132 + 1148. Let u = -5 + 10. Suppose -4*t + 52 = u*r - 4*r, -2*r - t + 69 = 0. Calculate the greatest common divisor of r and p.
16
Let h = 49 - 47. Suppose 2*q - 123 = k, -q = -2*k - h*k - 51. Calculate the highest common factor of 9 and q.
9
Let b = -415 + 583. Suppose -4*v + 7*v = b. Suppose 24*t = 25*t - 8. Calculate the greatest common divisor of t and v.
8
Let t be 91 - (-3 + (-8)/(-2)). Let q = t + -20. Calculate the greatest common factor of q and 28.
14
Let s(c) = 5*c**2 + 14*c + 21. Let g be s(6). What is the highest common factor of 228 and g?
57
Let o(i) = 2*i**3 - 4*i**2 + 25*i - 93. Let a be o(5). Calculate the highest common divisor of 14 and a.
14
Let v = 4 - 7. Let x = v + 5. Suppose 3 = -3*c - 0, 0 = 5*k + x*c - 43. What is the highest common factor of 45 and k?
9
Let n(k) = -38*k - 22. Let l be n(-4). Suppose -l*m + 135*m = 320. What is the highest common factor of m and 8?
8
Let k be 244/183 + (-2)/6. Let s(z) = 1 - 2*z - z + 2*z. Let g be s(0). What is the highest common factor of g and k?
1
Suppose 3*g = 3*i - 954, -3*i + 0*g + 968 = 4*g. Suppose -189*c + 7794 + 957 = 1191. What is the highest common factor of c and i?
40
Let v = 25 - 22. Suppose z = -3*z + 12. Calculate the greatest common divisor of v and z.
3
Let k(t) = 61*t - 155. Let d be k(5). What is the highest common factor of 30 and d?
30
Let u(i) = 5*i - 4. Let z be u(3). Let m = 95 - 179. Let s = 128 + m. Calculate the greatest common factor of s and z.
11
Let r = 120 